{"id":6096,"date":"2023-05-20T23:38:54","date_gmt":"2023-05-20T22:38:54","guid":{"rendered":"https:\/\/applelivingstore.com\/?post_type=product&#038;p=6096"},"modified":"2025-08-28T14:19:29","modified_gmt":"2025-08-28T13:19:29","slug":"iphone-11-pro-max-de-capacite-256-go-venus-3","status":"publish","type":"product","link":"https:\/\/applelivingstore.com\/index.php\/produit\/iphone-11-pro-max-de-capacite-256-go-venus-3\/","title":{"rendered":"iPhone 11 Pro Max de capacit\u00e9 256 Go (venus)"},"content":{"rendered":"","protected":false},"excerpt":{"rendered":"<ul>\n<li>\u25cf \u00c9cran DELO Super Retina XDR de 6,5 po\u25cf R\u00e9sistance \u00e0 l\u2019eau et \u00e0 la poussi\u00e8re (4 m pendant 30 minutes, IP68)\u25cf Syst\u00e8me \u00e0 trois cam\u00e9ras avec cam\u00e9ras de 12 Mpx ultra grand-angle, grand-angle et t\u00e9l\u00e9objectif; mode Nuit, mode Portrait et vid\u00e9o 4K jusqu\u2019\u00e0 60 images\/s.\n<p>\u25cf Cam\u00e9ra avant TrueDepth de 12 Mpx avec mode Portrait, vid\u00e9o 4K et mode ralenti<\/p>\n<p>\u25cf Identification du visage pour une authentification s\u00e9curis\u00e9e et Apple Pay<\/p>\n<p>\u25cf Puce A13 Bionic avec Neural Engine de troisi\u00e8me g\u00e9n\u00e9ration<\/p>\n<p>\u25cf Recharge rapide avec adaptateur de 18 W inclus<\/p>\n<p>\u25cf Chargement sans fil<\/li>\n<\/ul>\n","protected":false},"featured_media":6409,"comment_status":"open","ping_status":"closed","template":"","meta":{"_acf_changed":false},"product_brand":[],"product_cat":[230,261],"product_tag":[],"class_list":{"0":"post-6096","1":"product","2":"type-product","3":"status-publish","4":"has-post-thumbnail","6":"product_cat-iphones","7":"product_cat-iphone_max","9":"first","10":"instock","11":"sale","12":"shipping-taxable","13":"purchasable","14":"product-type-simple"},"acf":[],"jetpack_sharing_enabled":true,"_links":{"self":[{"href":"https:\/\/applelivingstore.com\/index.php\/wp-json\/wp\/v2\/product\/6096","targetHints":{"allow":["GET"]}}],"collection":[{"href":"https:\/\/applelivingstore.com\/index.php\/wp-json\/wp\/v2\/product"}],"about":[{"href":"https:\/\/applelivingstore.com\/index.php\/wp-json\/wp\/v2\/types\/product"}],"replies":[{"embeddable":true,"href":"https:\/\/applelivingstore.com\/index.php\/wp-json\/wp\/v2\/comments?post=6096"}],"wp:featuredmedia":[{"embeddable":true,"href":"https:\/\/applelivingstore.com\/index.php\/wp-json\/wp\/v2\/media\/6409"}],"wp:attachment":[{"href":"https:\/\/applelivingstore.com\/index.php\/wp-json\/wp\/v2\/media?parent=6096"}],"wp:term":[{"taxonomy":"product_brand","embeddable":true,"href":"https:\/\/applelivingstore.com\/index.php\/wp-json\/wp\/v2\/product_brand?post=6096"},{"taxonomy":"product_cat","embeddable":true,"href":"https:\/\/applelivingstore.com\/index.php\/wp-json\/wp\/v2\/product_cat?post=6096"},{"taxonomy":"product_tag","embeddable":true,"href":"https:\/\/applelivingstore.com\/index.php\/wp-json\/wp\/v2\/product_tag?post=6096"}],"curies":[{"name":"wp","href":"https:\/\/api.w.org\/{rel}","templated":true}]}}