{"id":6705,"date":"2025-08-28T16:10:37","date_gmt":"2025-08-28T15:10:37","guid":{"rendered":"https:\/\/applelivingstore.com\/?post_type=product&#038;p=6705"},"modified":"2025-08-28T18:45:37","modified_gmt":"2025-08-28T17:45:37","slug":"pochette-macbook-13-14-15-16","status":"publish","type":"product","link":"https:\/\/applelivingstore.com\/index.php\/produit\/pochette-macbook-13-14-15-16\/","title":{"rendered":"Pochette MacBook (13&#8243; , 14&#8243; , 15&#8243; , 16&#8243;)"},"content":{"rendered":"<p>Pochette MacBook en cuir authentique. R\u00e9sistant \u00e0 l&#8217;eau et a la poussi\u00e8re, elle prot\u00e8ge aussi votre MacBook contre les \u00e9gratignures tout en le gardant dans une temp\u00e9rature ad\u00e9quate pouvant pr\u00e9server la duret\u00e9 de l&#8217;\u00e9clat de sa couleur.<\/p>\n","protected":false},"excerpt":{"rendered":"<p>Pochette MacBook en cuir authentique. R\u00e9sistant \u00e0 l&#8217;eau et a la poussi\u00e8re, elle prot\u00e8ge aussi votre MacBook contre les \u00e9gratignures tout en le gardant dans une temp\u00e9rature ad\u00e9quate pouvant pr\u00e9server<\/p>\n","protected":false},"featured_media":6681,"comment_status":"open","ping_status":"closed","template":"","meta":{"_acf_changed":false},"product_brand":[],"product_cat":[234],"product_tag":[],"class_list":{"0":"post-6705","1":"product","2":"type-product","3":"status-publish","4":"has-post-thumbnail","6":"product_cat-accessoires_autres","8":"first","9":"instock","10":"shipping-taxable","11":"purchasable","12":"product-type-simple"},"acf":[],"jetpack_sharing_enabled":true,"_links":{"self":[{"href":"https:\/\/applelivingstore.com\/index.php\/wp-json\/wp\/v2\/product\/6705","targetHints":{"allow":["GET"]}}],"collection":[{"href":"https:\/\/applelivingstore.com\/index.php\/wp-json\/wp\/v2\/product"}],"about":[{"href":"https:\/\/applelivingstore.com\/index.php\/wp-json\/wp\/v2\/types\/product"}],"replies":[{"embeddable":true,"href":"https:\/\/applelivingstore.com\/index.php\/wp-json\/wp\/v2\/comments?post=6705"}],"wp:featuredmedia":[{"embeddable":true,"href":"https:\/\/applelivingstore.com\/index.php\/wp-json\/wp\/v2\/media\/6681"}],"wp:attachment":[{"href":"https:\/\/applelivingstore.com\/index.php\/wp-json\/wp\/v2\/media?parent=6705"}],"wp:term":[{"taxonomy":"product_brand","embeddable":true,"href":"https:\/\/applelivingstore.com\/index.php\/wp-json\/wp\/v2\/product_brand?post=6705"},{"taxonomy":"product_cat","embeddable":true,"href":"https:\/\/applelivingstore.com\/index.php\/wp-json\/wp\/v2\/product_cat?post=6705"},{"taxonomy":"product_tag","embeddable":true,"href":"https:\/\/applelivingstore.com\/index.php\/wp-json\/wp\/v2\/product_tag?post=6705"}],"curies":[{"name":"wp","href":"https:\/\/api.w.org\/{rel}","templated":true}]}}